s divided by 17.
15
Let t(h) be the second derivative of 2*h**2 + 0 + 5/6*h**3 + 1/6*h**4 + 2*h. Calculate the remainder when 12 is divided by t(-3).
5
What is the remainder when 39 + (2 - (-4 - -2)) is divided by 15?
13
Suppose 5*a - 4*x - 187 = 0, 3*x + 0*x = a - 33. Suppose a = 4*d - d. Calculate the remainder when 36 is divided by d.
10
Suppose -3*p = 4*g - 29, -3*g + 19 = 2*p - 2. Suppose 2*c - 7 - p = 0. What is the remainder when 8 is divided by c?
3
Suppose -4*k + 76 - 26 = 3*l, 0 = -2*l + 2*k + 10. What is the remainder when 37 is divided by l?
7
Suppose j = -2*t + 179, 8*t - 3*t = j - 179. Calculate the remainder when j is divided by 45.
44
Suppose 9*w - 390 = 6*w. What is the remainder when w is divided by 19?
16
Let z = 79 + -53. Let g = 9 - 6. Suppose 3*o + 6 = 2*h, -26 = -2*h + o - g*o. Calculate the remainder when z is divided by h.
8
Suppose -6*o + 88 + 140 = 0. Calculate the remainder when 74 is divided by o.
36
Suppose -u - 3*j - 2*j + 39 = 0, -5*j - 79 = -u. What is the remainder when u is divided by 21?
17
Suppose 5*h + 0*h = 25. What is the remainder when 11 is divided by h?
1
Let m = -41 - -54. Calculate the remainder when m is divided by 0 + (7 - -2) + -2.
6
Suppose 0 = -10*o + 561 + 29. Calculate the remainder when o is divided by -5*(1*-2 + -1).
14
Let r(m) = 7*m**2 + 2*m - 1. What is the remainder when 31 is divided by r(1)?
7
Let s(t) = -t**3 + 5*t**2 + 2*t - 10. Let m be s(5). Suppose -j - 24 = -2*i - 4, i - j - 9 = m. Calculate the remainder when (-7)/2*(-5 - 1) is divided by i.
10
Calculate the remainder when 3*(-3)/(9/(-149)) is divided by 50.
49
Let r(k) = -2*k - 7. Let v be r(-5). Suppose 0 = 5*w + s - 24, 5*w - s = v + 13. Calculate the remainder when 7 is divided by w.
3
Let b(m) = -26*m. Suppose 5*d + 4*v + 30 = 6*d, 5*d = -2*v + 62. What is the remainder when b(-1) is divided by d?
12
Suppose -2*f + 36 = d - 4, -15 = -f + 2*d. What is the remainder when 73 is divided by f?
16
Let t = 3 + -2. Let s be 2/1 - (-130)/13. Let w = s + t. What is the remainder when 24 is divided by w?
11
Suppose -1 = s - 9. Let z(d) = 41*d + 2*d**2 - 32*d - 11*d**2 + d**3. Calculate the remainder when 22 is divided by z(s).
6
Let a(f) = -8*f - 20. What is the remainder when 68 is divided by a(-4)?
8
Let j = 9 - 3. Let d be (-2)/j + 99/(-27). Calculate the remainder when (35/(-14))/(2/d) is divided by 2.
1
Let w = -17 + 29. Suppose 8*g - w = 4*g. Calculate the remainder when g is divided by 2.
1
Let o be (-10)/4*(6 - 4). Let u be 48/o + 10/(-25). Let f = u + 16. Calculate the remainder when 17 is divided by f.
5
Let w be -3 + 11/((-22)/(-12)). Let s = 26 - w. Calculate the remainder when s is divided by 5.
3
Let p(v) = 3*v**2 + 5*v + 1. Let a be 292/(-18) - (-2)/9. Let d = a - -26. Calculate the remainder when p(-4) is divided by d.
9
Let s(j) = 2*j**2 + 5*j - 3. Calculate the remainder when 151 is divided by s(-5).
19
Let y = -1 + 6. Suppose -y - 7 = -3*h. Suppose 0 = -h*s + 18 + 18. What is the remainder when 15 is divided by s?
6
Suppose t - 5 = 0, -24 - 26 = -5*b - 4*t. Calculate the remainder when 28 is divided by b.
4
Suppose -5*g + 15 = 0, 4*g - 21 = 4*l + 3. What is the remainder when 21*((-3)/l - 0) is divided by 11?
10
Suppose 0 = 2*d + y - 10, 0 = d - 2*d - 5*y + 23. What is the remainder when 3 is divided by d/(-6) + (-9)/(-6)?
0
Let q = 19 + -7. Let z = 3 - 2. Suppose n = -2 - z, 3*f + 2*n = 96. Calculate the remainder when f is divided by q.
10
Suppose 3*s - 2*s - 53 = 0. Let n = 247 - 229. What is the remainder when s is divided by n?
17
Let l = 74 + -44. Calculate the remainder when -5 + 2 + 2 + 58 is divided by l.
27
Suppose -r - 3*r = 5*a - 45, 27 = 3*a - 2*r. What is the remainder when 16 is divided by a?
7
Suppose -2*j = 4*a - 242, -4*j - 96 = -0*a - 2*a. What is the remainder when a is divided by 12?
10
Let n = 1 + 5. Calculate the remainder when n is divided by 2.
0
Suppose -3 = -3*w - 5*g, w - 21 = 5*g - 0*g. What is the remainder when ((-28)/(-6))/(4/18) is divided by w?
3
Suppose -187 = -5*f + 83. What is the remainder when f is divided by 14?
12
Let s(v) = v**3 - 6*v**2 + 11*v - 18. What is the remainder when 130 is divided by s(5)?
10
Suppose 19*a - 9*a - 30 = 0. Let q(w) = w**2 - 4*w + 5. What is the remainder when q(4) is divided by a?
2
Let g = 58 + -34. Suppose -5*r + 12*w - 8*w + 486 = 0, 4*r = 3*w + 388. Calculate the remainder when r is divided by g.
22
Let s = 9 - 2. Let o = s - 2. What is the remainder when o is divided by 4?
1
Suppose 2 = -a + 7. Suppose 2*c = a*b + 35, 5*c + b = -0*b + 20. Suppose 6*s = 2*s - 2*j + 66, 0 = s - c*j - 11. Calculate the remainder when s is divided by 9.
7
Suppose 0*x = 5*x - 10. Let i(k) = -5*k**x - 3*k - 1 + 7*k - k**3 + k. Calculate the remainder when 17 is divided by i(-6).
2
Suppose -3*j - 5*c + 142 = 2, 5*j = 5*c + 260. Suppose 2*d = 7*d - j. Calculate the remainder when 19 is divided by d.
9
Suppose 2*o = 2*i - 34, 2*i + o = 4*i - 36. Calculate the remainder when 70 is divided by i.
13
Let z(x) = -x - 3. Let m be z(-6). Suppose m*v - v = 24. Suppose -2*d + v = -5*p - 50, -3*d - 3*p = -72. Calculate the remainder when d is divided by 14.
12
What is the remainder when 124 is divided by (-1)/(-12)*302 + (-1)/6?
24
Let w(k) = -k**3 - 6*k**2 - 4*k - 4. Let v be w(-6). What is the remainder when (-2997)/(-63) - (-4)/(-7) is divided by (-4)/10*-2*v?
15
Let h(k) = -k**3 - k**2 - 2*k + 1. Suppose -4*b + 98 = 3*c, -4*b = 5*c + b - 155. Calculate the remainder when c is divided by h(-2).
8
Suppose -7 = 3*g - 19. Calculate the remainder when 7 is divided by g.
3
Suppose -8*k = -3*k - 330. Let r = -43 + k. Let t(l) = -l**2 + 7*l + 7. What is the remainder when r is divided by t(6)?
10
Let p(f) be the first derivative of f**2/2 - 3*f + 1. Suppose i + l = 7, i + 11 = 3*i - l. Calculate the remainder when i is divided by p(6).
0
Let l = 2 - -11. Calculate the remainder when l is divided by 5.
3
Let r = -14 - -20. Let y(a) = a**3 - 6*a**2 - 2*a - 3. Let q be y(r). Let s = 27 + q. What is the remainder when 22 is divided by s?
10
Let h(s) be the third derivative of -s**5/60 + 3*s**4/8 - 5*s**3/2 + 5*s**2. Let f be h(10). What is the remainder when f/(0 + -1) - -2 is divided by 7?
6
Let d(s) = s - 2. Let m be d(6). Suppose m*k - 44 = -0*k. What is the remainder when k is divided by ((-20)/2)/(-2) - -1?
5
Suppose -6 - 74 = -4*g. Let f = 9 - 3. Let u = 1 + f. Calculate the remainder when g is divided by u.
6
Let r(g) = -g**2 + g + 5. Let t be r(0). Suppose 0 = a - 4*z, -3*a + 65 = -a + t*z. Let w = -7 + a. Calculate the remainder when w is divided by 5.
3
Let d = -26 - -46. Suppose d = 2*u + 2*u. Suppose -5*i + u*h = -150, 2*i - 3*h = -2*h + 56. What is the remainder when i is divided by 9?
8
Suppose 0*d - 13 = -2*v + 3*d, 18 = 2*v - 2*d. What is the remainder when 55 is divided by v?
13
Let d = 36 + -26. Suppose -5*l = -d, 24 = 4*x - 3*l + l. Let h(f) = -f**2 + 4*f. Calculate the remainder when x is divided by h(2).
3
Let v = 28 - 25. Suppose -b + v = -43. What is the remainder when b is divided by 12?
10
Let o = -8 + 18. What is the remainder when o is divided by 5?
0
Let q be (-2)/5 - (-24)/10. Suppose -q + 0 = -l. Let n = 14 - l. What is the remainder when 34 is divided by n?
10
Suppose 0 = -3*r + 194 - 41. What is the remainder when r is divided by 13?
12
Suppose 4*a = 2*r + 3 - 11, -3*r - 3 = -a. What is the remainder when 33 is divided by (-17)/(-4)*(-8)/r?
16
Let r = -45 - -56. Calculate the remainder when 65 is divided by r.
10
Let u = -46 - -69. Suppose 0 = x + 5*z - 38, 2*x - 5*z + 0 = 1. What is the remainder when u is divided by x?
10
Calculate the remainder when 13 is divided by 1/(2/8*1).
1
Let c(w) = -w**3 - 17*w**2 - 16*w + 3. Calculate the remainder when 7 is divided by c(-16).
1
Suppose 0 = 2*t - 5*t - 114. Let a = t - -53. Suppose 0 = v - 3*v + 88. What is the remainder when v is divided by a?
14
Let c = 100 - -31. What is the remainder when c is divided by 33?
32
Suppose -215 = -5*r - 2*x, -4*x - 71 = -4*r + 73. What is the remainder when r is divided by 21?
20
Let s = 4 - -6. Let j(h) = -h**2 + 20*h + 6. Let p be j(16). Calculate the remainder when (-2)/(-5) - (-2002)/p is divided by s.
9
Suppose -5*p + 14 = -4*d - 241, 2*d + 2*p = -150. Let o = -42 - 